tors of 167404?
2, 41851
List the prime factors of 56577.
3, 18859
List the prime factors of 10070933.
193, 52181
List the prime factors of 8683410.
2, 3, 5, 31, 9337
What are the prime factors of 1574310?
2, 3, 5, 97, 541
List the prime factors of 688455.
3, 5, 15299
List the prime factors of 1540309.
1540309
What are the prime factors of 88173?
3, 97, 101
What are the prime factors of 1748724?
2, 3, 43, 3389
List the prime factors of 4421430.
2, 3, 5, 13, 3779
What are the prime factors of 5509259?
7, 19, 23, 1801
What are the prime factors of 501727?
109, 4603
What are the prime factors of 561809?
561809
List the prime factors of 313501.
37, 229
List the prime factors of 2820233.
13, 401, 541
List the prime factors of 1763354.
2, 139, 6343
List the prime factors of 10568527.
10568527
What are the prime factors of 4697758?
2, 13, 281, 643
List the prime factors of 1203554.
2, 11, 227, 241
List the prime factors of 309483.
3, 137, 251
What are the prime factors of 731139?
3, 19, 101, 127
What are the prime factors of 7208164?
2, 193, 9337
What are the prime factors of 416024?
2, 7, 17, 19, 23
List the prime factors of 1298888.
2, 229, 709
List the prime factors of 107457.
3, 7, 17, 43
List the prime factors of 3606282.
2, 3, 113, 197
List the prime factors of 642634.
2, 17, 41, 461
What are the prime factors of 46315?
5, 59, 157
What are the prime factors of 222562?
2, 257, 433
List the prime factors of 974873.
974873
List the prime factors of 1822688.
2, 7, 79, 103
What are the prime factors of 1127768?
2, 61, 2311
List the prime factors of 6960121.
7, 994303
What are the prime factors of 488026?
2, 7, 11, 3169
List the prime factors of 1488940.
2, 5, 109, 683
List the prime factors of 9583.
7, 37
What are the prime factors of 3344088?
2, 3, 11, 53, 239
What are the prime factors of 188140?
2, 5, 23, 409
List the prime factors of 185639.
73, 2543
What are the prime factors of 50869?
7, 13, 43
List the prime factors of 6854435.
5, 7, 37, 67, 79
List the prime factors of 79960.
2, 5, 1999
What are the prime factors of 1642780?
2, 5, 82139
List the prime factors of 35691.
3, 11897
List the prime factors of 1284891.
3, 428297
List the prime factors of 1799931.
3, 7, 85711
List the prime factors of 18229146.
2, 3, 13, 103, 2269
What are the prime factors of 4764328?
2, 31, 19211
What are the prime factors of 5434270?
2, 5, 543427
What are the prime factors of 739492?
2, 13, 14221
What are the prime factors of 15036927?
3, 61, 127, 647
What are the prime factors of 2558491?
13, 15139
What are the prime factors of 289963?
53, 5471
List the prime factors of 3746779.
3746779
What are the prime factors of 1727836?
2, 11, 107, 367
What are the prime factors of 5897463?
3, 11, 13, 59, 233
List the prime factors of 1247068.
2, 31, 89, 113
What are the prime factors of 1550603?
1550603
What are the prime factors of 1032771?
3, 344257
What are the prime factors of 99143?
11, 9013
What are the prime factors of 5984443?
269, 22247
What are the prime factors of 436670?
2, 5, 13, 3359
What are the prime factors of 2646157?
179, 14783
What are the prime factors of 754194?
2, 3, 7, 17957
List the prime factors of 8761967.
8761967
What are the prime factors of 652131?
3, 83, 97
What are the prime factors of 230947?
157, 1471
List the prime factors of 18263587.
23, 331, 2399
What are the prime factors of 3457891?
227, 15233
What are the prime factors of 5956650?
2, 3, 5, 7, 31, 61
List the prime factors of 1093266.
2, 3, 60737
List the prime factors of 5804459.
1861, 3119
List the prime factors of 271754.
2, 7, 47, 59
List the prime factors of 843978.
2, 3, 140663
List the prime factors of 2043171.
3, 13, 5821
What are the prime factors of 167871?
3, 11, 5087
What are the prime factors of 8840147?
59, 269, 557
List the prime factors of 8162615.
5, 1632523
List the prime factors of 11322836.
2, 7, 404387
What are the prime factors of 12129401?
31, 521, 751
What are the prime factors of 384661?
109, 3529
List the prime factors of 2497829.
401, 6229
List the prime factors of 1709518.
2, 223, 3833
What are the prime factors of 643607?
751, 857
What are the prime factors of 2404764?
2, 3, 67, 997
What are the prime factors of 3059408?
2, 11, 17383
List the prime factors of 1286841.
3, 31, 101, 137
What are the prime factors of 17892312?
2, 3, 37, 20149
List the prime factors of 7150909.
47, 152147
What are the prime factors of 377170?
2, 5, 37717
What are the prime factors of 13797686?
2, 7, 19, 51871
What are the prime factors of 1101367?
367, 3001
List the prime factors of 3063233.
41, 74713
List the prime factors of 1176331.
13, 41, 2207
What are the prime factors of 17008495?
5, 7, 53, 173
List the prime factors of 3305122.
2, 281, 5881
What are the prime factors of 12155313?
3, 331, 12241
What are the prime factors of 197057?
7, 28151
What are the prime factors of 483681?
3, 11, 14657
What are the prime factors of 12906066?
2, 3, 2151011
List the prime factors of 690128.
2, 43133
What are the prime factors of 378777?
3, 7, 17, 1061
List the prime factors of 517658.
2, 47, 5507
What are the prime factors of 30217?
11, 41, 67
What are the prime factors of 122025?
3, 5, 1627
What are the prime factors of 10352733?
3, 3450911
What are the prime factors of 172639?
31, 5569
What are the prime factors of 6729603?
3, 17, 127, 1039
List the prime factors of 17214105.
3, 5, 97, 11831
What are the prime factors of 4630629?
3, 1543543
What are the prime factors of 1363536?
2, 3, 17, 557
List the prime factors of 10803866.
2, 2213, 2441
List the prime factors of 41697.
3, 41, 113
What are the prime factors of 1058081?
881, 1201
List the prime factors of 3841075.
5, 7, 47, 467
What are the prime factors of 2862323?
31, 92333
List the prime factors of 4144626.
2, 3, 230257
List the prime factors of 7402952.
2, 925369
What are the prime factors of 16073625?
3, 5, 42863
What are the prime factors of 12597?
3, 13, 17, 19
List the prime factors of 7495741.
11, 61, 11171
What are the prime factors of 813566?
2, 13, 29, 83
What are the prime factors of 523911?
3, 174637
List the prime factors of 684888.
2, 3, 28537
List the prime factors of 23713.
23, 1031
What are the prime factors of 2290091?
2290091
List the prime factors of 10504430.
2, 5, 619, 1697
List the prime factors of 9673454.
2, 7, 53, 13037
List the prime factors of 389482.
2, 23, 8467
List the prime factors of 2319328.
2, 11, 599
List the prime factors of 5015704.
2, 626963
List the prime factors of 967466.
2, 483733
What are the prime factors of 529376?
2, 71, 233
What are the prime factors of 479973?
3, 13, 31, 397
What are the prime factors of 4199372?
2, 1049843
List the prime factors of 504275.
5, 23, 877
List the prime factors of 413391.
3, 11, 12527
What are the prime factors of 6466620?
2, 3, 5, 107777
What are the prime factors of 195298?
2, 97649
List the prime factors of 125457.
3, 19, 31, 71
List the prime factors of 216234.
2, 3, 41, 293
What are the prime factors of 17167?
17167
What are the prime factors of 775857?
3, 107, 2417
List the prime factors of 8924821.
8924821
What are the prime factors of 296426?
2, 13, 877
What are the prime factors of 559153?
7, 23, 151
What are the prime factors of 664668?
2, 3, 37, 499
List the prime factors of 574844.
2, 143711
List the prime factors of 7657802.
2, 3828901
List the prime factors of 1256235.
3, 5, 89, 941
What are the prime factors of 135700?
2, 5, 23, 59
What are the prime factors of 8200420?
2, 5, 23, 17827
What are the prime factors of 1001273?
7, 13, 11003
List the prime factors of 2191359.
3, 31, 23563
What are the prime factors of 34361748?
2, 3, 971, 983
What are the prime factors of 4902445?
5, 980489
List the prime factors of 2096536.
2, 13, 19, 1061
What are the prime factors of 125207?
125207
What are the prime factors of 109253?
109253
List the prime factors of 110501.
110501
What are the prime factors of 203332?
2, 50833
What are the prime factors of 238882?
2, 7, 113, 151
What are the prime factors of 881731?
557, 1583
List the prime factors of 1142429.
47, 109, 223
What are the prime factors of 24329532?
2, 3, 2027461
What are the prime factors of 20789838?
2, 3, 19, 23, 881
What are the prime factors of 2848776?
2, 3, 7, 31, 547
What are